1879
What are the prime factors of 800951?
29, 71, 389
What are the prime factors of 171301?
13, 13177
List the prime factors of 1847455.
5, 369491
What are the prime factors of 107536?
2, 11, 13, 47
List the prime factors of 797268.
2, 3, 29, 79
List the prime factors of 4044822.
2, 3, 389, 1733
What are the prime factors of 247360?
2, 5, 773
List the prime factors of 1831519.
107, 17117
What are the prime factors of 2127147?
3, 11, 73, 883
What are the prime factors of 104348?
2, 19, 1373
What are the prime factors of 618579?
3, 13, 17, 311
What are the prime factors of 917101?
917101
What are the prime factors of 129376?
2, 13, 311
List the prime factors of 182009.
182009
List the prime factors of 1091822.
2, 545911
List the prime factors of 946384.
2, 59149
List the prime factors of 2763869.
293, 9433
List the prime factors of 289342.
2, 144671
What are the prime factors of 548210?
2, 5, 13, 4217
What are the prime factors of 4444789?
4444789
What are the prime factors of 14199836?
2, 7, 507137
List the prime factors of 592009.
11, 53819
What are the prime factors of 4610914?
2, 7, 11, 79, 379
List the prime factors of 21837800.
2, 5, 137, 797
What are the prime factors of 249174?
2, 3, 109, 127
List the prime factors of 1359803.
1359803
What are the prime factors of 12593893?
13, 968761
What are the prime factors of 1321017?
3, 440339
What are the prime factors of 13719586?
2, 509, 13477
List the prime factors of 6351.
3, 29, 73
What are the prime factors of 582403?
17, 34259
List the prime factors of 4224712.
2, 359, 1471
List the prime factors of 2552354.
2, 7, 31, 5881
List the prime factors of 194715.
3, 5, 4327
List the prime factors of 14106758.
2, 7053379
List the prime factors of 8432352.
2, 3, 19, 23, 67
What are the prime factors of 1216?
2, 19
What are the prime factors of 11700476?
2, 2925119
List the prime factors of 2684843.
7, 383549
What are the prime factors of 2620109?
47, 107, 521
List the prime factors of 254933.
7, 79, 461
List the prime factors of 249422.
2, 311, 401
List the prime factors of 330765.
3, 5, 22051
List the prime factors of 192100.
2, 5, 17, 113
What are the prime factors of 13267761?
3, 13, 29, 11731
List the prime factors of 1029479.
11, 31, 3019
List the prime factors of 5468362.
2, 2734181
What are the prime factors of 114131?
61, 1871
What are the prime factors of 6354003?
3, 23, 71, 1297
List the prime factors of 22958.
2, 13, 883
List the prime factors of 1354.
2, 677
What are the prime factors of 1242700?
2, 5, 17, 43
List the prime factors of 4371982.
2, 29, 43, 1753
List the prime factors of 35586826.
2, 11, 307, 479
What are the prime factors of 306649?
7, 71, 617
List the prime factors of 10393106.
2, 5196553
What are the prime factors of 3237052?
2, 7, 13, 8893
What are the prime factors of 4790689?
1381, 3469
List the prime factors of 281653.
281653
List the prime factors of 21364.
2, 7, 109
What are the prime factors of 172615?
5, 19, 23, 79
What are the prime factors of 14620961?
14620961
List the prime factors of 532130.
2, 5, 127, 419
List the prime factors of 520921.
520921
What are the prime factors of 697626?
2, 3, 12919
List the prime factors of 235184.
2, 14699
What are the prime factors of 1114062?
2, 3, 185677
List the prime factors of 418866.
2, 3, 7, 9973
List the prime factors of 24516960.
2, 3, 5, 13, 3929
List the prime factors of 693138.
2, 3, 115523
List the prime factors of 4122624.
2, 3, 11, 61
List the prime factors of 14563.
14563
What are the prime factors of 5115405?
3, 5, 341027
List the prime factors of 278870.
2, 5, 79, 353
What are the prime factors of 2210380?
2, 5, 29, 37, 103
What are the prime factors of 37642?
2, 11, 29, 59
What are the prime factors of 172057?
17, 29, 349
List the prime factors of 4285002.
2, 3, 431, 1657
List the prime factors of 25787.
107, 241
List the prime factors of 8588.
2, 19, 113
List the prime factors of 2131295.
5, 23, 43, 431
List the prime factors of 25858434.
2, 3, 7, 615677
List the prime factors of 92857.
92857
List the prime factors of 422005.
5, 84401
List the prime factors of 156464.
2, 7, 11, 127
List the prime factors of 1351513.
59, 22907
List the prime factors of 331084.
2, 13, 6367
What are the prime factors of 180843?
3, 13, 4637
What are the prime factors of 2349275?
5, 93971
List the prime factors of 283504.
2, 13, 29, 47
What are the prime factors of 273908?
2, 68477
What are the prime factors of 131998?
2, 31, 2129
What are the prime factors of 298521?
3, 41, 809
What are the prime factors of 7534374?
2, 3, 19, 29, 43, 53
What are the prime factors of 1475553?
3, 491851
List the prime factors of 27989102.
2, 349, 40099
What are the prime factors of 9801607?
109, 89923
What are the prime factors of 1864196?
2, 23, 881
What are the prime factors of 62417?
62417
List the prime factors of 676838.
2, 17, 1171
What are the prime factors of 685293?
3, 7, 32633
List the prime factors of 1390972.
2, 11, 101, 313
What are the prime factors of 1693432?
2, 13, 19, 857
List the prime factors of 10473187.
97, 107971
What are the prime factors of 905426?
2, 19, 23827
What are the prime factors of 333413?
29, 11497
What are the prime factors of 225589?
7, 13, 37, 67
What are the prime factors of 2584085?
5, 7, 17, 43, 101
List the prime factors of 641533.
359, 1787
What are the prime factors of 173904?
2, 3, 3623
List the prime factors of 384964.
2, 157, 613
List the prime factors of 658703.
658703
What are the prime factors of 732447?
3, 97, 839
List the prime factors of 42447.
3, 14149
List the prime factors of 6134575.
5, 245383
What are the prime factors of 1939108?
2, 484777
List the prime factors of 3749436.
2, 3, 149, 233
What are the prime factors of 15135271?
149, 157, 647
What are the prime factors of 326759?
67, 4877
What are the prime factors of 990094?
2, 7, 10103
What are the prime factors of 293959?
61, 79
List the prime factors of 46260.
2, 3, 5, 257
List the prime factors of 633003.
3, 7, 43, 701
List the prime factors of 209928.
2, 3, 8747
What are the prime factors of 2137933?
7, 305419
What are the prime factors of 3215278?
2, 11, 17, 8597
List the prime factors of 10665267.
3, 3555089
List the prime factors of 504153.
3, 13, 31, 139
List the prime factors of 70559.
37, 1907
What are the prime factors of 15704486?
2, 7, 29, 47, 823
List the prime factors of 934060.
2, 5, 46703
What are the prime factors of 284274?
2, 3, 17, 929
List the prime factors of 831875.
5, 11
What are the prime factors of 962877?
3, 193, 1663
What are the prime factors of 122765?
5, 43, 571
List the prime factors of 382807.
382807
What are the prime factors of 683544?
2, 3, 19, 1499
List the prime factors of 38200403.
38200403
What are the prime factors of 84419?
29, 41, 71
List the prime factors of 3843025.
5, 347, 443
List the prime factors of 2017212.
2, 3, 97, 1733
List the prime factors of 5917111.
1997, 2963
List the prime factors of 162903.
3, 13, 4177
List the prime factors of 3564107.
1277, 2791
What are the prime factors of 753524?
2, 257, 733
What are the prime factors of 2839668?
2, 3, 13, 109, 167
List the prime factors of 8949379.
8949379
List the prime factors of 16099645.
5, 3219929
List the prime factors of 172038.
2, 3, 53, 541
What are the prime factors of 55206?
2, 3, 3067
List the prime factors of 233767.
17, 13751
List the prime factors of 5397787.
139, 38833
What are the prime factors of 376707?
3, 199, 631
What are the prime factors of 465279?
3, 31, 5003
What are the prime factors of 531434?
2, 265717
List the prime factors of 315678.
2, 3, 11, 4783
List the prime factors of 39948.
2, 3, 3329
What are the prime factors of 1669428?
2, 3, 79, 587
What are the prime factors of 5773692?
2, 3, 481141
List the prime factors of 1229221.
7, 41, 4283
What are the prime factors of 13822373?
31, 445883
List the prime factors of 17689876.
2, 67, 149, 443
What are the prime factors of 5330189?
5330189
What are the prime factors of 4498504?
2, 562313
What are the prime factors of 22458909?
3, 11, 53, 12841
What are the prime factors of 1101837?
3, 11, 173, 193
What are the prime factors of 2517611?
2517611
List the prime factors of 33972857.
3847, 8831
List the prime factors of 24099891.
3, 1873, 4289
List the prime 